ctor of 490 and q.
10
Let v(l) = 22*l - 4 - 8 - 6*l + l**3 - 14*l**2 + 1. Let o be v(13). Suppose 386 = 2*c - j - j, 5*c - 3*j = 971. What is the greatest common factor of c and o?
28
Suppose 3188 = 6*u - 3172. Suppose -3*v + 308 = -u. Calculate the greatest common divisor of 57 and v.
57
Let g be -3 + (-4)/(-8)*22. Suppose -278 = -4*f + 2*k, 63 = 2*f - 3*k - 66. What is the highest common divisor of f and g?
8
Suppose 4*z - 2*z = 0, -38 = -2*k + 5*z. Suppose 2*x - 11*c = -8*c + 909, 4*x + 5*c = 1829. What is the greatest common factor of k and x?
19
Let t = 4222 + -4152. Calculate the greatest common factor of t and 8470.
70
Suppose -5*v = -4*p + 3*p - 933, -v + 183 = -2*p. Let g = -368 + 419. Calculate the greatest common factor of g and v.
17
Suppose 0 = d, 2*j - 7*d + 232 = -6*d. Let z = 207 - j. Calculate the highest common divisor of 19 and z.
19
Let q = 11001 - 10641. Calculate the highest common divisor of 135 and q.
45
Suppose -3*l - q - 19 = 15, 0 = 5*l - 3*q + 66. Let w be 27/(-4*3/l). What is the greatest common factor of w and 81?
27
Suppose -27*s - 507 + 1344 = 0. What is the greatest common factor of 9641 and s?
31
Suppose -2*h - 3*w = -16852, -5*h - 3*w + 16107 = -26050. Calculate the highest common divisor of h and 14.
7
Let k(j) = -2*j**3 - 9*j**2 + 55*j + 69. Let u be k(-8). Let s = 2 + 1. Let d be (-2)/(s*-2)*33. Calculate the highest common factor of u and d.
11
Suppose 0 = -40*f + 41*f - 295. What is the greatest common factor of 177 and f?
59
Suppose 5*x - 4*d = 15396, -x + 896 + 2170 = -3*d. Calculate the highest common divisor of x and 48.
12
Let x be -3 + -150*5/(-10). Let b = -70 + x. Calculate the greatest common divisor of 6 and b.
2
Let f be (15/(-4))/((-201)/2680). Let s(m) = -m**3 - 11*m**2 - 4*m - 14. Let u be s(-11). Calculate the greatest common divisor of f and u.
10
Suppose -4*q - 5*m - 406 = 0, q + 5*m + 505 = -4*q. Let i = q - -102. What is the greatest common factor of 4 and i?
1
Suppose 3*g = 4*d + 26, -d = -5*g + 4*d + 35. Suppose 4*r - 8 = g*r. Let h = -372386 + 372430. What is the highest common factor of h and r?
4
Let x(u) = -551*u**3 + u**2 - 34*u - 73. Let n be x(-2). What is the highest common factor of 39 and n?
39
Let v be ((-126)/(-15))/(((-16)/20)/4). Let s = v + 42. Suppose -3*p + 33 = 3*m, s = 2*p + 4*m - 14 - 4. Calculate the highest common divisor of p and 117.
13
Suppose 0 = -7*w - 146 - 190. Let n be w/(-22) + 12/(-66). Suppose -31 - 305 = -n*i. What is the greatest common factor of i and 14?
14
Let k be (-1*11 + -18947 + -148)*2/(-4). What is the greatest common factor of 932 and k?
233
Let g(z) = z**2 + 2*z - 10. Let w be g(3). Suppose -4*j = -10*u + 8*u + 136, 0 = 5*u + w*j - 370. Calculate the greatest common divisor of u and 96.
24
Let o be (40/12)/(1/36). Let l be 54/(-9) - (-88 - -2). What is the greatest common factor of l and o?
40
Let d = -262 - -1535. Calculate the highest common divisor of 38 and d.
19
Let f = 371 + -363. Let b be (-20)/(((-18)/12)/(6/f)). Let x = 41 + -1. What is the greatest common divisor of b and x?
10
Let a = 58 - 42. Let c be 24/(-84) + (2 - 383/7). Let k = c + 59. What is the greatest common factor of k and a?
2
Let w = 375 + -276. Calculate the greatest common divisor of w and 1386.
99
Suppose -4*b - 62 = -58. Let j be (-2 - b)*6*(-2)/4. Suppose -j*g = -d + 105, 464 = 2*d + 2*d - g. What is the highest common divisor of 13 and d?
13
Let p(d) = d**2 + 6*d + 12. Let l be p(-4). Suppose l*j = 3*z + 143, 0 = -z - 2 + 1. Suppose 37*o - 114 = j*o. What is the highest common factor of 3 and o?
3
Suppose 12 = 3*i + 5*z - 10, 0 = -i + 2*z. Suppose 1824 = i*v + 424. Let t be ((-14)/5)/((-10)/v). Calculate the greatest common divisor of t and 7.
7
Suppose -4*a - 11 = 1417. Let l = a + 457. What is the highest common factor of l and 25?
25
Suppose -4*g + 12 = 0, -4*r - 2*g = r - 141. Let o be -4*15/(-18)*r. What is the greatest common factor of o and 54?
18
Let i = -10058 + 10064. Let w = 0 - -5. Suppose 0 = 2*u - u - n - w, 0 = -u - 2*n - 1. Calculate the greatest common divisor of u and i.
3
Suppose 0 = 5*m - 10, 2*m + 454 = 5*s + 4*m. Let l be (-28)/6*(-2646)/12. Let p = -993 + l. What is the highest common divisor of s and p?
18
Suppose 3*d = 11 - 35. Let n(l) = 2*l**2 - 5*l + 8. Let g be n(d). Let r = -19 - -35. Calculate the greatest common divisor of r and g.
16
Let q(t) = 314*t - 1888. Let z be q(7). What is the highest common factor of z and 775?
155
Let q(r) = 70*r**2. Suppose -2 = -2*k + b, 5*k + 3*b = 3 + 24. Let s be (10/15)/((-2)/k). Let z be q(s). Calculate the greatest common factor of 28 and z.
14
Let x = -59 - -21. Let r = -42 - x. Let n be (-132)/(-18)*(-66)/r. Calculate the highest common divisor of 11 and n.
11
Let o be (4416/1840)/((-6)/(-490)). Calculate the highest common divisor of o and 140.
28
Let s(h) = -294*h**3 + 2*h**2 - 3*h - 2. Let f be s(-1). What is the greatest common factor of 363 and f?
33
Let q = -480 - -853. Let o be 193*10/(-4 - 6). Let n = q + o. Calculate the highest common divisor of n and 20.
20
Suppose 5*u - j = 2*j + 447, 5*j = 5. Let z(f) = 21*f**2 - 3191*f + 163. Let n be z(152). What is the greatest common factor of n and u?
45
Let b = -18419 - -19344. What is the greatest common factor of 888 and b?
37
Suppose 104*u - 1170 - 1326 = 0. Suppose 110 = 5*f - 10. Calculate the highest common factor of f and u.
24
Let p(x) = x**2 + 2*x + 2. Suppose 10 = 6*c + 28. Let l be p(c). Suppose 3*z + h + 72 - 427 = 0, l*h = -10. What is the highest common divisor of z and 17?
17
Let o be (-1248)/30 + 4/(-10). Let s = 36 + o. Let v be 2/(4/(s + 2)) - -137. Calculate the highest common factor of 15 and v.
15
Let q(s) = -41*s + 75. Let a be q(7). Let z = -177 - a. What is the greatest common divisor of 70 and z?
35
Let v = 97 - 83. Let o(m) = -m**3 + 31*m**2 + 15*m - 22. Let h be o(v). Suppose -10*l + h = -2*l. What is the greatest common divisor of l and 55?
55
Suppose -802 = -201*d + 198*d - 5*r, d + 3*r - 266 = 0. What is the greatest common factor of d and 6?
1
Let s(u) = u**3 + 2*u**2 + 9*u + 36. Let c be s(-3). Suppose -5*f - 68 = -2*i, c = 3*i + 2*f - 39 - 101. What is the greatest common factor of 132 and i?
44
Let d = 7317 - 7119. Calculate the greatest common factor of 2046 and d.
66
Let b(l) = 175*l + 3407. Let h be b(-15). Calculate the greatest common factor of 340 and h.
34
Let w(q) = -3*q**2 + 17*q. Let j be w(6). Let u(z) = 2*z**3 + 15*z**2 + 8*z - 5. Let c be u(j). Calculate the greatest common factor of 11 and c.
11
Suppose 325*s + 108095 = 379*s - 694399. Calculate the highest common divisor of s and 579.
193
Let v be 2 - (4 - (2 + 7)). Let u = 2 + v. Calculate the greatest common factor of u and 9.
9
Let f = -2526 + 2534. Calculate the greatest common divisor of 3072 and f.
8
Let x(f) = f**3 - 9*f**2 - 8*f - 14. Let a be x(10). Let m be a/14 + 66/42. What is the highest common factor of m and 16?
2
Let y(b) = b**3 + 10*b**2 - 103*b - 95. Let a be y(-16). Let h be 2/(-4) + 5/2. Let u be 66 + (-2 + h - -2). What is the highest common factor of a and u?
17
Suppose 5*c = 5*h + 1065, -5*h + 3*c - 5*c = 1086. Let u be 350/(-21)*h/30. What is the highest common factor of u and 45?
15
Let n(a) = 8*a - 1. Let c be n(5). Let p = -323 - -313. Let v be -5*p/((-400)/(-24)). Calculate the greatest common factor of v and c.
3
Suppose -164 = 9*y - 10*y + 3*a, -3*a = -2*y + 322. Let z be y/13 - 72/468. What is the greatest common divisor of 132 and z?
12
Suppose 66 = -5*b - 2*x, 2*x - 64 = 4*b - 2*x. Let t be 8/b + (-1140)/(-84). Let k be t + -4 - (0 + -1). Calculate the greatest common divisor of 10 and k.
10
Let c be (-8)/64 + 132/32. Suppose 2*h + 2*m = 204, 0*m + m - 399 = -c*h. What is the highest common divisor of 9 and h?
9
Suppose 4*g - 51 = 3*t + 60, -3*g + 102 = 4*t. Suppose -20*x + 8*x = -360. What is the highest common factor of x and g?
30
Let c(f) = -f - 5. Let u be c(-3). Let k be 0 - 164/(-6 - u). What is the highest common divisor of 41 and k?
41
Suppose -214 = 3*a + 5*u + 102, -3*a = -5*u + 266. Let i = 223 + a. Calculate the greatest common factor of i and 144.
18
Let p(r) = 3*r**3 - 29*r**2 - 95*r + 633. Let i be p(17). Calculate the highest common factor of 2912 and i.
224
Let q be (25/(-15) + 2)/(1/